23a1?
2321
In base 9, what is -73028 + -7?
-73036
In base 8, what is -1031 - -431?
-400
In base 7, what is -121004 - -10?
-120664
In base 10, what is -9144 - 3?
-9147
In base 14, what is -8 + 20c3?
20b9
In base 10, what is -1818 - 20?
-1838
In base 9, what is -152077 + -2?
-152080
In base 13, what is 1a + -1b8?
-19b
In base 5, what is -223141022 - 4?
-223141031
In base 2, what is -1 + 10001100?
10001011
In base 16, what is 5 - -1f1a?
1f1f
In base 7, what is 5 - -1641326?
1641334
In base 7, what is -56221 + 433?
-55455
In base 9, what is -13045 + -4?
-13050
In base 8, what is -112754 + 50?
-112704
In base 11, what is -2 + -37a7?
-37a9
In base 11, what is -523 + -1653?
-2076
In base 14, what is 2bcbdc - 0?
2bcbdc
In base 13, what is -13 - -1032?
101c
In base 10, what is -24298 - -5?
-24293
In base 5, what is -312 + -2340?
-3202
In base 4, what is -1020232 + 11?
-1020221
In base 13, what is -3 + 5683?
5680
In base 4, what is -112221203 - 2?
-112221211
In base 5, what is 10 - 110420?
-110410
In base 12, what is 3 - -2a44?
2a47
In base 4, what is -103030020 + 0?
-103030020
In base 6, what is 525550 + 130?
530120
In base 7, what is -1015 + 401?
-314
In base 3, what is -2112110 - -12200?
-2022210
In base 13, what is -8125 - -1?
-8124
In base 12, what is 4 - 41a79?
-41a75
In base 11, what is aa5 + -81?
a24
In base 10, what is -4011 + -3?
-4014
In base 12, what is -26a767 + -2?
-26a769
In base 11, what is -8 - -44484?
44477
In base 8, what is -4 + -2013254?
-2013260
In base 14, what is 5 + 1b259?
1b260
In base 14, what is b371 + 1d?
b390
In base 11, what is 12 - 6089?
-6077
In base 4, what is -100 + -3300?
-10000
In base 5, what is -4 + -2241323?
-2241332
In base 11, what is 35 + -446a9?
-44674
In base 7, what is -134 + -3005?
-3142
In base 2, what is -1111110000 + 1110?
-1111100010
In base 3, what is -12001 - 1012?
-20020
In base 12, what is -1ab9a + 6?
-1ab94
In base 8, what is -321 + 6112?
5571
In base 12, what is -1 - -47b5?
47b4
In base 2, what is 1 - 1110110101110010?
-1110110101110001
In base 14, what is 3cc - -12?
400
In base 11, what is -7 - -149454?
149448
In base 4, what is 20321 + 1130?
22111
In base 4, what is -2033013001 + -3?
-2033013010
In base 14, what is b295 + 3?
b298
In base 6, what is 2144 + 551?
3135
In base 6, what is 241333 + -35?
241254
In base 5, what is 341434303 - 2?
341434301
In base 16, what is 17d9 + bb?
1894
In base 9, what is -588583 - -5?
-588577
In base 2, what is 1001001010001111101 + -10?
1001001010001111011
In base 4, what is 10 - 1010130012?
-1010130002
In base 16, what is 141 + -19b?
-5a
In base 2, what is -101100001011110 + 10?
-101100001011100
In base 11, what is 3 - 14444?
-14441
In base 12, what is 806 + a2?
8a8
In base 14, what is -1b601 + 1?
-1b600
In base 6, what is -221 - -34040?
33415
In base 6, what is 115 - -1514?
2033
In base 2, what is 10110011 - 10000101101?
-1101111010
In base 5, what is -2 - -1140232?
1140230
In base 6, what is -21335 + 100?
-21235
In base 13, what is -ab - -2489?
23ab
In base 2, what is 1000010000111100 - 0?
1000010000111100
In base 11, what is -6991a3 - -4?
-69919a
In base 14, what is 5 + 182c1?
182c6
In base 7, what is -66 + -5014?
-5113
In base 15, what is -822b - -11?
-821a
In base 5, what is -11403 + -201?
-12104
In base 11, what is 8 + 66591?
66599
In base 11, what is 1141 - -30?
1171
In base 7, what is 13 - 10554?
-10541
In base 6, what is -3 - 14512521?
-14512524
In base 13, what is -2 - 8b6?
-8b8
In base 11, what is -6 + -6925?
-6930
In base 13, what is -345a - -4?
-3456
In base 8, what is -173 - 4627?
-5022
In base 9, what is -58 - 1384?
-1453
In base 13, what is -2 - 1cbb41?
-1cbb43
In base 12, what is -5033b - 5?
-50344
In base 11, what is -1a1913 - -7?
-1a1907
In base 10, what is -102 - -3313?
3211
In base 6, what is -214 - -34151?
33533
In base 16, what is 64e95 - -6?
64e9b
In base 10, what is -80 - 26437?
-26517
In base 7, what is -20263 + -4?
-20300
In base 6, what is 23 + 141014?
141041
In base 8, what is -1 - 107632?
-107633
In base 13, what is -35254 + -36?
-3528a
In base 10, what is -82441 - 1?
-82442
In base 2, what is -1101100100001111 + 100?
-1101100100001011
In base 2, what is 1 - -1111100101011101101?
1111100101011101110
In base 15, what is 18 - -95c?
975
In base 3, what is -110102212 - 10?
-110102222
In base 5, what is -14140 - 101?
-14241
In base 14, what is -2585 - -7?
-257c
In base 14, what is -178d6 - 4?
-178da
In base 11, what is 3 + -1481?
-1479
In base 10, what is -1692311 - 1?
-1692312
In base 7, what is 16 + 2151062?
2151111
In base 16, what is 105561 - -4?
105565
In base 10, what is -102153 + -3?
-102156
In base 4, what is 220 + -20022022?
-20021202
In base 12, what is -96 + 268?
192
In base 8, what is 1227 + 2?
1231
In base 3, what is -20 - 1100212?
-1101002
In base 15, what is a5e + 9a?
b09
In base 12, what is -79287 + 3?
-79284
In base 14, what is -1 - 9ab1?
-9ab2
In base 15, what is -1 - 86b4?
-86b5
In base 15, what is 20a9 + -c4?
1ed5
In base 6, what is 2400 - 225?
2131
In base 2, what is -11100001110 + -110000?
-11100111110
In base 12, what is -1 + 63a9b?
63a9a
In base 16, what is -2a + -169?
-193
In base 4, what is -31301033 + 1?
-31301032
In base 4, what is -2 - 302333?
-303001
In base 15, what is -1 + -2067?
-2068
In base 11, what is 4073a + 24?
40763
In base 6, what is 0 - 3120442?
-3120442
In base 8, what is -6 + 77062?
77054
In base 15, what is -5929 + -2?
-592b
In base 14, what is 27c16 + -5?
27c11
In base 14, what is 2dd6 - 2?
2dd4
In base 3, what is -122001100012 - 1?
-122001100020
In base 16, what is 1c9a0 - 3?
1c99d
In base 6, what is 11 - -1321?
1332
In base 10, what is -439129 + 0?
-439129
In base 12, what is -23a - 37?
-275
In base 6, what is -2 - -1221?
1215
In base 11, what is 1866 - -a7?
1962
In base 2, what is -101101101 - 1100?
-101111001
In base 11, what is 6 + -60332?
-60327
In base 5, what is -1 - -20142?
20141
In base 10, what is 2 + 720?
722
In base 10, what is -342137 + -2?
-342139
In base 11, what is -81 - 1a05?
-1a86
In base 7, what is 250 + -453?
-203
In base 11, what is -3546 - 15?
-3560
In base 13, what is 64c - 143?
509
In base 5, what is 102042 + -1442?
100100
In base 6, what is -50 - 24000?
-24050
In base 11, what is -15 + 67a4?
678a
In base 8, what is -1626 - -10?
-1616
In base 11, what is -43 + -31a9?
-3241
In base 2, what is -100100101110011 + -11?
-100100101110110
In base 3, what is 1001222211 + -2?
1001222202
In base 12, what is 948 + 149?
a95
In base 6, what is 102403 - -104?
102511
In base 12, what is 2a87 - 25?
2a62
In base 11, what is -720 - 1?
-721
In base 15, what is 21 + 668?
689
In base 10, what is 0 + -218761?
-218761
In base 11, what is 79 - 179?
-100
In base 15, what is -5d30 + -4d?
-5d7d
In base 8, what is 2156 - 325?
1631
In base 9, what is 864025 + -1?
864024
In base 3, what is -12 - -2102002?
2101220
In base 11, what is -1530 + 5?
-1526
In base 9, what is 137 + -10138?
-10001
In base 9, what is 585 + -628?
-33
In base 13, what is 3 + 2a846?
2a849
In base 12, what is 3634 + -255?
339b
In base 10, what is 1 - 360326?
-360325
In base 9, what is -2154 + -7?
-2162
In base 12, what is -111087 - 4?
-11108b
In base 4, what is -102133 - 31?
-102230
In base 3, what is 12 + -112110121?
-112110102
In base 2, what is -101100010000001 - -1000?
-101100001111001
In base 3, what is 2000 + -100000?
-21000
In base 2, what is 101 - -1100101010101?
1100101011010
In base 16, what is -717 - -6?
-711
In base 5, what is 22 - 41411?
-41334
In base 14, what is -5 - 1902?
-1907
In base 4, what is 313 + -233300?
-232321
In base 6, what is -142035 + 140?
-141455
In base 15, what is -31 + 18922?
188e1
In base 13, what is b6b32 - -5?
b6b37
In base 15, what is 5 - -3499?
349e
In base 9, what is 2 + -1327244?
-1327242
In base 6, what is 20505 + -1152?
15313
In base 10, what is 4 + 6339?
6343
In base 6, what is -21 - 103540?
-104001
In base 4, what is 13120332 - 11?
13120321
In base 6, what is 5 - -12221?
12230
In base 5, what is 4 + 140443?
141002
In base 7, what is -6 - -40631?
40622
In base 6, what is 151134 + -133?
151001
In base 15, what is -19 + -447?
-461
In base 9, what is -1547818 + -5?
-1547824
In base 5, what is -10001 + -2024?
-12030
In base 3, what is -10100202 + 2012?
-10021120
In base 11, what is 304 